ommon divisor of g and 15?
15
Let q(o) = 19*o**2 - 6. Let m be q(-3). Calculate the highest common divisor of 15 and m.
15
Let f(q) = -q**3 - 4. Let z be f(-4). Suppose 5*y - 51 = -4*c, 2*y + z = 5*c + 7*y. Calculate the highest common divisor of c and 45.
9
Let l be 112/1 - (-1 + 3). What is the greatest common factor of 44 and l?
22
Suppose -o = 18 - 4. Let x = o + 20. Suppose -4*s = 5*c - 29, -2*c = -0 - 2. What is the greatest common divisor of s and x?
6
Suppose -27*f + 29*f - 26 = 0. What is the highest common factor of 26 and f?
13
Suppose -5*t - 2*q = 30641 - 75987, -27206 = -3*t - 2*q. Let g be 3/7 - t/(-70). Calculate the greatest common divisor of g and 26.
26
Let h be 1/2 - (-75)/(-6). Let l be (-76)/(-3) - (-4)/h. Calculate the greatest common divisor of l and 10.
5
Let f = -226 + 392. Suppose 3*b - 60 = -c, -3*c = -0*b + 2*b - f. What is the highest common divisor of 36 and c?
18
Suppose b = -11 + 59. What is the greatest common factor of 120 and b?
24
Let n be ((-556)/8 + -2)*-2. Suppose -2*i + 87 + n = 0. Calculate the greatest common divisor of i and 23.
23
Let d(i) = -9 - i**3 + 11*i + 6*i**2 - 9*i + 0*i**2. Let p be d(6). What is the greatest common divisor of p and 6?
3
Let l(r) = 3*r - 7. Let s be l(3). What is the greatest common divisor of s and 14?
2
Let w(y) = 9. Let o(r) = r + 46. Let g(m) = 2*o(m) - 11*w(m). Let b be g(6). Let h(j) = 2*j - 7. Let d be h(b). What is the highest common factor of d and 33?
3
Let h(s) = s**3 + 12*s**2 + 10*s + 4. Let q be h(-8). What is the greatest common factor of q and 18?
18
Suppose -2*m - 5*h = m - 380, -4*h = 20. Let o(b) = -2*b**3 + b**2 + 4*b + 3. Let i be o(-2). What is the greatest common divisor of m and i?
15
Suppose 15 = 5*s - 5*h, 2*s + s + 2*h = 9. Let x = -1 + s. Calculate the highest common divisor of 10 and x.
2
Suppose -3*g = -1213 + 25. Suppose g = 9*w - 6*w. What is the greatest common divisor of 12 and w?
12
Let g = 3 - -13. Suppose -4*v + 8 = -4. Suppose -v*h + 2*h + 16 = -2*m, -g = -h + m. What is the greatest common factor of 2 and h?
2
Suppose 40 = 7*b - 58. What is the greatest common divisor of b and 14?
14
Suppose 4*z - 2*c - 21 = 73, -3*z = 3*c - 57. Suppose 3*v - 2*j - 56 = 3*j, 2*j = 4*v - 84. Calculate the highest common divisor of z and v.
22
Let n(s) be the second derivative of 5*s**3/6 + 4*s. Let f be n(1). What is the greatest common factor of f and 55?
5
Let i = 73 - 19. What is the greatest common divisor of i and 6?
6
Let n be (-3)/(-1 + 4)*-1. What is the highest common divisor of n and 2?
1
Let c be (-21)/35 - (-116)/10. Calculate the highest common factor of c and 55.
11
Let q be ((-10)/1)/(10/(-20)). Let d = q - 16. What is the greatest common factor of 1 and d?
1
Let r(t) = -6*t - 6. Let m be r(-6). Suppose 32 = 4*x - 2*k + 10, 3*x + 5*k - 23 = 0. What is the greatest common factor of m and x?
6
Let n(r) = -r**3 - r**2 + 12. Let z be n(0). Let v(k) = -2*k + z*k**3 - 2 + 1 + 10*k**3. Let b be v(2). Calculate the highest common divisor of 19 and b.
19
Suppose -2*o = 3*o + 360. Let a be ((-2)/6)/(2/o). Calculate the highest common factor of 48 and a.
12
Let w be (-2)/(-7) + 334/7. Let m = -504 - -510. Calculate the highest common factor of m and w.
6
Let i = 85 - 58. Let w be (-6)/i - 256/(-18). What is the highest common factor of 21 and w?
7
Suppose w - 3*u = -w + 220, 2*u = 0. What is the greatest common factor of 44 and w?
22
Suppose -v = 2*v + 6, 4*v = -5*c + 17. Let w = c + 16. What is the highest common factor of w and 105?
21
Suppose 4*g - 3*i = 12, -g - 2*g = 5*i - 38. Calculate the highest common divisor of g and 6.
6
Let s(x) be the second derivative of x**3/6 - 3*x**2/2 - 2*x. Let m be s(6). Let h be (m/6)/(3/300). What is the highest common divisor of h and 10?
10
Let c(u) = u**2 + 5. Let z be c(-3). Let x(d) = -d**3 - 2*d**2 - d - 1. Let w be x(-4). What is the greatest common divisor of z and w?
7
Suppose 5*g = 5*d + 15, 2*g - 5*d + 0 = -9. Let y = -3 + g. Suppose -4*x + 0*v = y*v - 77, -2*x - 4*v + 46 = 0. What is the highest common factor of 104 and x?
13
Suppose 0 = -5*k + 2*s + s - 19, 3*k = 2*s - 12. Let v be 15*(3 - (-4)/k). What is the greatest common divisor of 5 and v?
5
Suppose 2*g - 4*b = -4, -6*g - b = -4*g - 21. Calculate the greatest common factor of g and 8.
8
Suppose 34 = r + 8. What is the greatest common divisor of 39 and r?
13
Let o be (20/(-8))/(-5)*(13 - 3). Calculate the greatest common factor of 1 and o.
1
Suppose -d + 5*d - 64 = 0. What is the highest common divisor of d and 8?
8
Suppose 0 = -2*k - 4*q - 16, -2*k - 6*q = -q + 21. Let z be (48/(-9) + k)*-3. Calculate the greatest common divisor of 15 and z.
5
Let q be ((-11)/(-3))/((-1)/(-3)). Let d be 1*(5 + (-580)/(-5)). Calculate the greatest common divisor of d and q.
11
Suppose 2*a = a + 7. What is the highest common factor of a and 63?
7
Suppose 4*v - 50 = 2*v. Let a = v - -7. Suppose 2*m - 10 = 0, -m - a = -3*h + 5. Calculate the highest common factor of h and 7.
7
Let z be (-354)/9 - 4/6. Let m = z + 1. Let i = 149 + m. Calculate the greatest common divisor of 11 and i.
11
Let t = 282 + -40. Suppose h = 3*h - t. Calculate the highest common factor of 11 and h.
11
Let s be (4/(-8) + 0)/(2/(-4)). What is the highest common factor of s and 3?
1
Suppose -2*v + 0*v + 104 = 0. Calculate the greatest common factor of v and 130.
26
Let f = -36 + 48. Let k(z) = 3*z**2 - 4*z. Let y be k(-6). What is the highest common divisor of y and f?
12
Let x(t) = -4*t - 3 + 0 + t + 4*t. Let m be x(7). Let c be (5/2)/(m/8). What is the greatest common factor of c and 55?
5
Let h be 51/(-119) + 160/14. Calculate the highest common divisor of 132 and h.
11
Suppose 0 = 3*p + 3, -p = -2*b - 5*p + 26. Calculate the highest common factor of b and 3.
3
Suppose -5 = -3*i + 25. Let n be (-2)/2 + 0 + 41. What is the greatest common factor of i and n?
10
Suppose -7 = 4*o - 27. Suppose -o*w = -w - 56. What is the greatest common divisor of 7 and w?
7
Let b(d) = -5*d - 4. Let n be b(-9). Let y = 7 + 2. Suppose -y - n = -5*f. What is the highest common divisor of 100 and f?
10
Let b(r) = -4*r**3 - 4*r**2 - 6*r - 2. Let a be b(-1). Calculate the greatest common divisor of 4 and a.
4
Suppose -2*n + 5*o = -3*n, 4*o - 42 = 2*n. Let k be ((-2)/5)/(3/n). Let l be (24/15)/((-4)/(-10)). What is the greatest common divisor of k and l?
2
Let d(y) = -y**3 - 8*y**2 - 3*y - 9. Let f be d(-9). What is the greatest common factor of f and 9?
9
Suppose 2*w + 4*x = -w + 71, 5*w + x = 90. Calculate the highest common divisor of w and 170.
17
Let j be 1 + 3 + -3 - -7. Let s(i) = 3*i + 1. Let p be s(-1). Let o be 2/2*p + 18. Calculate the highest common divisor of o and j.
8
Let u(o) = 13*o**2 - o. Let w be u(1). What is the highest common divisor of 24 and w?
12
Let o = 176 - 120. Let y = 12 - -2. What is the greatest common divisor of o and y?
14
Let h(l) = l**2 - 4*l + 3. Let n be h(4). Suppose -n*d - 90 = -5*d. Calculate the greatest common factor of d and 30.
15
Let k = 11 - 8. Suppose -k*y = -4*y + 253. Calculate the greatest common divisor of y and 23.
23
Suppose 2*c - 4*p - 53 = 9, 5*c = -3*p + 103. Suppose 2*w + w = -5*s - 105, -2*s = 5*w + c. Let q = -14 - s. Calculate the greatest common factor of q and 50.
10
Let c = -28 + 280. Suppose -7*t + c = -3*t. What is the greatest common divisor of 7 and t?
7
Let t = 6 - 9. Suppose 8 = -3*g + 4*g - 4*c, -g - 3*c - 13 = 0. Let k be g/(-2) - (-121 + t). Calculate the highest common divisor of k and 18.
18
Suppose 6 = -2*a + 56. Calculate the greatest common factor of 100 and a.
25
Suppose 4*h + 5 = 5*v - 6, -h - 3*v - 24 = 0. Let s = h - -23. Let n = 13 - 6. Calculate the highest common factor of n and s.
7
Suppose 0 = -5*o + 20, 3*o + 92 = 3*j + 2*o. Calculate the highest common divisor of j and 16.
16
Let t be -82*(-3 - (-22)/4). Let i = -133 - t. What is the greatest common divisor of i and 8?
8
Suppose 2*y + 4*u + 172 = -196, y + 199 = 3*u. Let z = y - -300. What is the greatest common factor of z and 22?
22
Let y = 86 + -48. Calculate the highest common factor of 304 and y.
38
Suppose -3*x + 2*r + 478 - 164 = 0, 4*r - 100 = -x. What is the greatest common factor of x and 13?
13
Let j(o) = -4*o + 7. Let p be j(-5). What is the greatest common divi